 4591 + -3286. Calculate the remainder when w is divided by 77.
73
Let d(h) = -200*h - 4051. What is the remainder when d(-21) is divided by 85?
64
Let o = 19 - 17. Let q = 5 - o. Suppose -64 = -2*j + f - q*f, 0 = -j - 2*f + 32. What is the remainder when j is divided by 18?
14
Let d = 283 + 429. Let h = d - 709. Calculate the remainder when 42 is divided by h.
0
Let y be (-2)/6 + 582/18 + 8. Suppose 198 = y*t - 37*t. What is the remainder when 197 is divided by t?
65
Let u = -297 - -297. Suppose 0*t - 5*t - 175 = -5*n, 4*n + 2*t - 122 = u. What is the remainder when n is divided by 5?
2
Suppose 3330 = 198*q - 87*q. Calculate the remainder when 142 is divided by q.
22
Let w(p) = 3*p**2 + 2*p - 6. Let j = -100 + 165. What is the remainder when j is divided by w(2)?
5
Let h = -13189 - -14496. Calculate the remainder when h is divided by 12.
11
Let v(c) = 10*c**2 + 9*c - 4. Let i be v(-4). Let b be (47 + -1)*(-10)/(i/(-18)). Let n = -28 + b. Calculate the remainder when 119 is divided by n.
37
Let i(c) = c**3 - 16*c**2 + 6*c + 211. Calculate the remainder when 844 is divided by i(15).
8
Let a = 2788 + -2673. Calculate the remainder when 345 is divided by a.
0
Let f = 2 + 19. Let b(m) = 8*m + 10 + 4 - f. Calculate the remainder when 35 is divided by b(2).
8
Let m = -7543 - -7560. What is the remainder when 711 is divided by m?
14
Let p = 8939 - 8357. What is the remainder when p is divided by 2?
0
Let t(a) = -282*a + 591. Calculate the remainder when 203 is divided by t(2).
14
Suppose -4*d - 500*y + 2569 = -505*y, 3*d - y = 1902. Calculate the remainder when d is divided by 409.
222
Suppose -1177*t = -1154*t - 368. Calculate the remainder when 1293 is divided by t.
13
Let c = -776 + 795. Suppose -k - c*k = -4100. Calculate the remainder when k is divided by 58.
31
Suppose 528*o - 415 = 477*o - 109. What is the remainder when 836 is divided by o?
2
Suppose -35*x + 758 = -1832. Calculate the remainder when x is divided by 13.
9
Let y = -162 - -165. Suppose n = -d + 20, 2*n = d - y*n + 10. What is the remainder when d is divided by 11?
4
Suppose 5*s - 4*t + t - 448 = 0, -2*s = 3*t - 196. Let u(w) = w**3 - 17*w**2 + 3*w - 41. What is the remainder when u(17) is divided by 2/(-15) + s/15?
4
Let n = -311 - -316. Suppose -2*o = n*i - 291, -4*i + 5*i - 4*o = 67. What is the remainder when i is divided by 17?
8
Let f = -553 - -599. Suppose 4*v = 50 - f. Calculate the remainder when 5 is divided by v.
0
Let v(y) = 147 - 13 + 93 + y - 46. Let b = 64 + -41. What is the remainder when v(0) is divided by b?
20
Suppose 7*i - 11*i = 8. Let r be ((-21)/42)/(i/(-56)). Calculate the remainder when 2/r + (-7)/(98/(-1388)) is divided by 34.
31
Let v be 2/(((-8)/(-52))/(-2 - -4)). Suppose 0 = -h + 5, h - 11 = -2*i + v. Calculate the remainder when 109 is divided by i.
13
Suppose 3*c - 3*q = 1008, 4*q = -4*c - 59 + 1363. Calculate the remainder when c is divided by 150.
31
Let g(d) = -d**2 - 10*d - 17. Let l be g(-7). Suppose 0 = -6*h - l*h - 100. Let r = h + 147. What is the remainder when r is divided by 28?
25
Let r = 435 - -153. Suppose 5*y + 158 = r. Let u = -21 + 43. What is the remainder when y is divided by u?
20
Let a(x) = x**2 - 15*x + 40. Let c be a(12). Calculate the remainder when 236 is divided by 5 - c - -1*(25 + -4).
16
Let l = -68 - -46. Let h = -245 + 241. Calculate the remainder when h + 3 + 1 - l is divided by 4.
2
Let z(q) = -105*q + 3725. What is the remainder when z(25) is divided by 20?
0
Let a(y) = 19*y - 17. Let q(f) = -10*f + 8. Let z(u) = -3*a(u) - 7*q(u). Let x(g) = -g**2 - 23*g + 18. Calculate the remainder when x(-22) is divided by z(2).
19
Suppose -37*a - 166 + 1207 + 365 = 0. Calculate the remainder when 290 is divided by a.
24
Suppose 14256 = 60*i - 42*i. Calculate the remainder when i is divided by 82.
54
Suppose -x + 30 = 3*i - 32, 2*x + 4*i = 120. Calculate the remainder when 84*49/x - 2/(-4) is divided by (-134)/(-10) + (-6)/15.
9
Suppose -383*t = -404*t + 189. What is the remainder when 1556 is divided by t?
8
Suppose -776*m - 7770 = -5*d - 771*m, 2*d - m - 3104 = 0. Calculate the remainder when d is divided by 47.
46
Suppose -5*p + 18 = -2*o + 5*o, -2*o + 4*p + 12 = 0. Calculate the remainder when 23 is divided by (-370)/(-45) + o/(-27).
7
Let c be 45/(((-27)/6)/(-3)). Let m = c + 121. What is the remainder when m is divided by 31?
27
Let p(x) = -x + 20. What is the remainder when 10*(-2)/(-15)*1647/18 is divided by p(-5)?
22
Suppose -140*m + 3*m + 15520 = 23*m. What is the remainder when 1739 is divided by m?
90
Let g(h) = 379*h - 1121. Calculate the remainder when 690 is divided by g(3).
2
What is the remainder when -2*(-2 - (147 + 3)) is divided by 5/1 + (-9)/(72/(-104))?
16
Let q = -3 + 8. Let z = -14417 + 14520. Calculate the remainder when z is divided by q.
3
Let q = 1708 - 1698. What is the remainder when 14 is divided by q?
4
Let z(g) = 2*g**2 + 13*g + 12. Let k = 482 - 490. What is the remainder when 286 is divided by z(k)?
34
Let m(h) = -3*h + 23. Let v(w) = -7*w**2 - 91*w + 4. Let j be v(-13). What is the remainder when 3/(-12) - (-594)/8 is divided by m(j)?
8
Calculate the remainder when (163/(-10) + 62/(-310))*164/(-6) is divided by 104.
35
Let p(g) = -337*g - 27. Let b be p(-2). Suppose 197 = -10*a + b. What is the remainder when 57 is divided by a?
12
Suppose -3*o = -w + 212, -456 = 264*w - 266*w - 2*o. Calculate the remainder when w is divided by 78.
68
Let f(d) = -18*d - 87. Let z be f(-5). Suppose -4*r = -5*w - 313, -2*r + z*w + 195 - 38 = 0. Calculate the remainder when r is divided by 13.
12
Suppose -27*v = 20*v - 34*v - 91. What is the remainder when 1027 is divided by v?
5
Let d be (-32)/(-15) - (4 + (-580)/150). Suppose -4*x + s + 56 = 0, 34*x - d*s = 32*x + 34. Calculate the remainder when 308 is divided by x.
9
Let m(f) = -5 + 50*f**2 + 41*f - 9*f**2 - 44*f. What is the remainder when m(-2) is divided by 34?
29
Suppose 0*m - 17 = -m. Calculate the remainder when (-2 + -751)*(312/36 - 9) is divided by m.
13
Let n(u) = -44*u - 156. Let m(y) = 22*y + 76. Let l(k) = 11*m(k) + 6*n(k). Calculate the remainder when 437 is divided by l(-5).
7
Let q(v) = 2*v**2 + 6*v + 6. Let n = 117 - 61. Suppose -38*p = -n*p + 72. What is the remainder when p is divided by q(-2)?
0
Suppose 4*b + 6 = 6. Suppose b = -2*u - 0*u + 6. Suppose 2*n = -0*c + c + 63, u*c - 83 = -2*n. What is the remainder when 134 is divided by n?
32
Calculate the remainder when -6*(418/(-4) - 15) is divided by 24.
21
Let q = -13677 + 14665. Calculate the remainder when q is divided by 52.
0
Let a = 25652 + -25494. What is the remainder when 291 is divided by a?
133
Let p be (-132)/36 + (-1)/3. Suppose -2*b = -2*d + 52 + 30, 0 = -5*d + b + 189. What is the remainder when d is divided by (5/p)/((-6)/24)?
2
Suppose -10*q + 6*q + 292 = -4*p, -6 = 2*p. Calculate the remainder when 3146 is divided by q.
66
Suppose 3*y - x = 327, -2*x + 3*x = 5*y - 545. Calculate the remainder when y is divided by (-30)/10 + 19/((-152)/(-176)).
14
Suppose -25*x = -1446 - 9454. Suppose -10*p + 24 = -x. Let n = -6 + 30. Calculate the remainder when p is divided by n.
22
Let q(n) = -131*n + 219. Calculate the remainder when q(0) is divided by 47.
31
Suppose -4*r + 10 = 3*s - 3, 0 = 4*s + r - 13. Suppose f - 561 = -4*f - 3*q, s*q + 327 = 3*f. Calculate the remainder when f is divided by 58.
53
Let u be (9 - 63)*(1 + -3). What is the remainder when (u/8)/(9/96) is divided by 50?
44
Let x = -1014 - -1467. What is the remainder when x is divided by 186?
81
Let w(d) = 44*d**2 + 2*d - 1. Suppose h - 5*h + 4 = 0. Let r = -5178 - -5355. Calculate the remainder when r is divided by w(h).
42
Suppose -4992 = -2032*u + 2016*u. What is the remainder when u is divided by 3?
0
Let k be 4/(-3*(-8)/12). Let f = 29 + k. Let q = 40 - f. Calculate the remainder when 52 is divided by q.
7
Let h be (-7 + 9)/((-2)/(-45)). Suppose -3*s - 5*z + 184 = 0, 5*z = 2*s - 36 - h. What is the remainder when 264 is divided by s?
52
Let j(s) = -5*s + 5. Suppose o - 3 - 3 = 3*m, -3*m = 6. Let x be j(o). Suppose -z - x*z = -276. Calculate the remainder when z is divided by 8.
6
Let v(i) = 2*i**2 - 2*i - 15. Let p be v(-5). Let l be (-160)/1*(-36)/p. Let w = 190 - l. What is the remainder when w is divided by 33